(base 11) to base 16.
41b
Convert 72620 (base 8) to base 9.
45250
Convert -12035 (base 7) to base 15.
-dc8
What is -126044 (base 8) in base 16?
-ac24
-966 (base 10) to base 7
-2550
-5ac (base 13) to base 4
-33123
67070 (base 8) to base 15
8561
Convert -1111110001000 (base 2) to base 11.
-6079
-10011001111 (base 2) to base 6
-5411
What is 1077 (base 9) in base 7?
2221
-3b2 (base 16) to base 4
-32302
What is -13a4 (base 14) in base 11?
-2680
What is -102 (base 16) in base 3?
-100120
2404 (base 7) to base 8
1566
Convert -25ec (base 16) to base 7.
-40206
Convert -1001110100010 (base 2) to base 13.
-2398
Convert 370 (base 12) to base 13.
309
What is -20775 (base 8) in base 5?
-234301
1000002 (base 3) to base 8
1333
What is -4 (base 16) in base 15?
-4
-33596 (base 10) to base 12
-17538
What is -a40 (base 12) in base 8?
-2720
df02 (base 16) to base 6
1120150
Convert -12330 (base 4) to base 13.
-282
Convert -10110 (base 3) to base 2.
-1011101
931 (base 10) to base 8
1643
What is 10112010 (base 3) in base 13?
1227
-100011110 (base 2) to base 16
-11e
What is -939 (base 11) in base 2?
-10001101011
Convert 44 (base 16) to base 5.
233
Convert 1e8 (base 16) to base 15.
228
Convert 111011100101 (base 2) to base 13.
1974
What is -e56 (base 16) in base 11?
-2837
What is -207b (base 12) in base 2?
-110111011111
Convert 302 (base 10) to base 9.
365
Convert -2926 (base 11) to base 14.
-153d
What is -38a (base 12) in base 15?
-25d
428 (base 11) to base 5
4024
-3299 (base 15) to base 8
-24737
1313110 (base 4) to base 15
23e1
40304 (base 5) to base 11
1a35
Convert 454d (base 14) to base 3.
121111101
-104030 (base 5) to base 12
-2134
What is 364211 (base 7) in base 12?
32455
Convert 35666 (base 8) to base 3.
202222011
-10320313 (base 4) to base 12
-b707
-3998 (base 13) to base 11
-6209
What is -99 (base 10) in base 6?
-243
What is 22505 (base 7) in base 3?
21212112
-6289 (base 16) to base 8
-61211
-30096 (base 10) to base 4
-13112100
What is -1d86 (base 16) in base 12?
-445a
-1101001 (base 3) to base 8
-1750
11102 (base 4) to base 12
242
Convert -67aa (base 11) to base 2.
-10001011111001
Convert -1055 (base 8) to base 9.
-678
Convert 144342 (base 6) to base 7.
55460
d09 (base 15) to base 14
10d8
What is -3104 (base 7) in base 11?
-8a4
What is 7491 (base 11) in base 5?
304101
-1003 (base 7) to base 12
-24a
What is -101656 (base 7) in base 13?
-7c60
1504 (base 13) to base 2
101111100110
7d12 (base 15) to base 3
1100102222
-751 (base 11) to base 10
-903
What is -925 (base 10) in base 11?
-771
-140103 (base 6) to base 5
-403444
Convert -22876 (base 13) to base 16.
-f5f5
What is 1015 (base 8) in base 10?
525
Convert -23213 (base 4) to base 8.
-1347
Convert -68651 (base 10) to base 7.
-404102
Convert 665 (base 7) to base 3.
110122
Convert 5ffd (base 16) to base 2.
101111111111101
17107 (base 8) to base 14
2b79
22224 (base 5) to base 4
120130
What is 122120210 (base 3) in base 11?
96a4
Convert 172 (base 16) to base 14.
1c6
-1011011100 (base 2) to base 11
-606
Convert -9980 (base 11) to base 10.
-13156
Convert 12523 (base 6) to base 16.
783
301 (base 5) to base 9
84
-1bc9 (base 15) to base 11
-45a0
Convert 13448 (base 9) to base 12.
5338
What is 137a5 (base 11) in base 7?
111063
Convert 159 (base 12) to base 4.
3111
Convert 10100010 (base 3) to base 13.
1152
-1221 (base 6) to base 14
-177
-1010011110 (base 2) to base 14
-35c
Convert 8db (base 15) to base 6.
13142
-1101010010 (base 2) to base 15
-3ba
What is -1382 (base 9) in base 11?
-871
1132 (base 13) to base 3
10022011
What is 1020401 (base 5) in base 6?
210332
Convert 310 (base 7) to base 13.
bb
2374a (base 13) to base 10
64958
What is 405 (base 10) in base 14?
20d
Convert -11011102020 (base 3) to base 10.
-81951
Convert -10111100101 (base 2) to base 7.
-4254
-620 (base 10) to base 11
-514
-469 (base 15) to base 5
-12444
Convert 5004 (base 6) to base 13.
655
Convert -3f8 (base 16) to base 6.
-4412
695 (base 11) to base 2
1100111110
Convert -2218 (base 9) to base 6.
-11325
Convert -40034 (base 6) to base 3.
-21010211
Convert 517 (base 10) to base 11.
430
-3164 (base 13) to base 4
-1222322
Convert -23322 (base 5) to base 3.
-2100102
Convert 299b0 (base 12) to base 4.
32101110
26 (base 15) to base 14
28
Convert 10133130 (base 4) to base 9.
27210
Convert 51325 (base 6) to base 7.
25613
What is 6265 (base 11) in base 8?
20153
What is 533 (base 13) in base 6?
4035
Convert 29d (base 15) to base 11.
4a4
Convert 186d (base 14) to base 4.
1010321
What is -d6 (base 14) in base 3?
-20222
Convert -7d23 (base 14) to base 8.
-52433
Convert -5ac (base 13) to base 14.
-507
27a (base 13) to base 7
1165
2512 (base 6) to base 10
620
43124 (base 7) to base 9
15608
What is 1734 (base 8) in base 15?
45d
What is -81051 (base 9) in base 8?
-150017
Convert 1103 (base 4) to base 14.
5d
What is -21121 (base 4) in base 16?
-259
-607 (base 10) to base 16
-25f
-66767 (base 8) to base 13
-ca76
What is -2224034 (base 5) in base 9?
-58772
Convert -1136 (base 11) to base 12.
-a43
Convert 2020 (base 11) to base 8.
5174
Convert -195 (base 11) to base 15.
-100
-14823 (base 12) to base 6
-341243
Convert 13c (base 16) to base 4.
10330
What is 583 (base 11) in base 3?
221210
332 (base 7) to base 9
208
What is 1020010 (base 3) in base 5?
12034
What is 13003323 (base 4) in base 6?
341523
What is -369 (base 10) in base 15?
-199
Convert 5511 (base 6) to base 9.
1657
121100020 (base 3) to base 14
44ad
Convert 38493 (base 11) to base 7.
316544
-313 (base 12) to base 6
-2023
11000010001 (base 2) to base 16
611
Convert 146 (base 13) to base 12.
16b
13034 (base 5) to base 9
1352
What is -3a65 (base 11) in base 15?
-1869
-1221 (base 5) to base 8
-272
What is 101100110011 (base 2) in base 14?
108b
Convert -1018 (base 10) to base 5.
-13033
Convert 25312 (base 6) to base 5.
110123
Convert 4284 (base 12) to base 2.
1110010000100
What is 445 (base 7) in base 13?
148
-a266 (base 15) to base 2
-1000010111111000
Convert -73dd (base 15) to base 16.
-5fbc
-dc (base 14) to base 12
-142
-123112 (base 6) to base 14
-4060
What is 6284 (base 11) in base 5?
231240
What is -2210443 (base 5) in base 2?
-1001010101101000
69 (base 12) to base 13
63
Convert -1011011110010 (base 2) to base 6.
-43110
5e5 (base 16) to base 9
2056
Convert 1000001101 (base 2) to base 9.
643
Convert -15244 (base 8) to base 9.
-10317
What is 388b (base 12) in base 10?
6443
What is 11106 (base 9) in base 15?
22bc
What is -2818 (base 14) in base 10?
-7078
What is 2b6 (base 13) in base 15?
227
Convert 1195 (base 12) to base 16.
7c1
17276 (base 8) to base 6
100234
573 (base 15) to base 3
1200200
What is -100303 (base 4) in base 13?
-649
1111111 (base 2) to base 15
87
What is -36b (base 16) in base 14?
-467
What is 3097 (base 11) in base 3?
12121211
What is 11157 (base 11) in base 15?
4bc0
Convert -44344 (base 6) to base 4.
-1200220
-cb (base 15) to base 13
-119
-b40 (base 12) to base 2
-11001100000
-121110210 (base 3) to base 14
-453b
200000 (base 3) to base 12
346
Convert -228 (base 11) to base 7.
-536
-52421 (base 8) to base 9
-32776
Convert -145124 (base 6) to base 3.
-201022221
Convert 966 (base 10) to base 12.
686
Convert 502 (base 14) to base 6.
4314
Convert -1230331 (base 6) to base 9.
-110751
What is -2533 (base 11) in base 10?
-3303
What is a426 (base 11) in base 7?
55204
Convert 18331 (base 10) to base 8.
43633
40353 (base 6) to base 11
4001
Convert 287 (base 13) to base 7.
1211
What is -1862 (base 11) in base 6?
-14543
What is -a24 (base 12) in base 5?
-21333
a2b (base 14) to base 9
2661
-1132 (base 15) to base 13
-1877
Convert -d2 (base 15) to base 11.
-16a
What is 112020120 (base 3) in base 7?
42162
What is -1403301 (base 5) in base 9?
-43171
What is -122010 (base 4) in base 2?
-11010000100
-1011110 (base 3) to base 15
-3b9
Convert -183b (base 13) to base 15.
-10ee
What is -27a (base 14) in base 10?
-500
Convert 110132 (base 6) to base 4.
2032220
What is 111 (base 11) in base 13?
a3
Convert 12203 (base 5) to base 6.
4144
-615 (base 10) to base 5
-4430
Convert -1b36 (base 12) to base 16.
-d1a
-10010010000 (base 2) to base 16
-490
-5929 (base 12) to base 8
-23361
Convert 322 (base 6) to base 10.
122
2351 (base 8) to base 15
58c
Convert -201101112 (base 3) to base 12.
-821b
Convert -312433 (base 5) to ba